s divided by 6836?
62
What is the remainder when 436236 is divided by 217931?
374
What is the remainder when 15260326 is divided by 47?
37
Calculate the remainder when 6472494 is divided by 1078743.
36
What is the remainder when 94786 is divided by 53?
22
Calculate the remainder when 3479883 is divided by 916.
915
Calculate the remainder when 1776266 is divided by 109.
2
Calculate the remainder when 9514527 is divided by 536.
527
What is the remainder when 34782160 is divided by 112?
0
Calculate the remainder when 13760352 is divided by 225578.
94
What is the remainder when 1357311056 is divided by 18?
14
Calculate the remainder when 7456037 is divided by 8855.
127
What is the remainder when 467576 is divided by 3772?
3620
Calculate the remainder when 65240 is divided by 12948.
500
Calculate the remainder when 12946474 is divided by 227.
210
Calculate the remainder when 765300 is divided by 757.
730
What is the remainder when 12313 is divided by 908?
509
Calculate the remainder when 53525668 is divided by 11.
9
Calculate the remainder when 2959777 is divided by 1369.
1368
Calculate the remainder when 155011263 is divided by 741.
732
What is the remainder when 61989244 is divided by 474?
472
What is the remainder when 226328 is divided by 112814?
700
What is the remainder when 289945 is divided by 660?
205
Calculate the remainder when 20730075 is divided by 452.
451
What is the remainder when 27151472 is divided by 9050487?
11
What is the remainder when 6645501 is divided by 949357?
2
Calculate the remainder when 2815298 is divided by 112609.
73
What is the remainder when 7661236 is divided by 6090?
16
Calculate the remainder when 41520821 is divided by 15.
11
Calculate the remainder when 5740334 is divided by 749.
747
What is the remainder when 8914 is divided by 217?
17
Calculate the remainder when 451397 is divided by 4906.
45
What is the remainder when 8175910 is divided by 176?
6
What is the remainder when 346680 is divided by 87?
72
What is the remainder when 20599776 is divided by 928?
32
What is the remainder when 130287977 is divided by 2629?
2624
What is the remainder when 285289 is divided by 94625?
1414
What is the remainder when 16913105 is divided by 2236?
1
Calculate the remainder when 2848405 is divided by 180.
85
What is the remainder when 48643 is divided by 24307?
29
What is the remainder when 5404717 is divided by 7284?
7273
Calculate the remainder when 641165 is divided by 26715.
5
Calculate the remainder when 505882 is divided by 1006.
870
What is the remainder when 6288729 is divided by 60?
9
What is the remainder when 127296 is divided by 2854?
1720
What is the remainder when 85806756 is divided by 248?
244
What is the remainder when 18481 is divided by 759?
265
Calculate the remainder when 6389372 is divided by 215.
2
Calculate the remainder when 4179593 is divided by 648.
641
Calculate the remainder when 392956 is divided by 325.
31
What is the remainder when 299401 is divided by 5264?
4617
What is the remainder when 361714 is divided by 1218?
1186
Calculate the remainder when 39544 is divided by 35660.
3884
Calculate the remainder when 131330 is divided by 62306.
6718
What is the remainder when 216549 is divided by 536?
5
What is the remainder when 52482362 is divided by 850?
812
Calculate the remainder when 1527441 is divided by 1847.
1819
What is the remainder when 334071 is divided by 9?
0
What is the remainder when 14589 is divided by 13663?
926
Calculate the remainder when 2005788 is divided by 2849.
92
Calculate the remainder when 685247 is divided by 1920.
1727
What is the remainder when 1451503 is divided by 821?
796
Calculate the remainder when 48662403 is divided by 32880.
3
What is the remainder when 55212 is divided by 54907?
305
Calculate the remainder when 29263594 is divided by 220027.
3
Calculate the remainder when 3672379 is divided by 2910.
2869
Calculate the remainder when 1030866 is divided by 830.
6
What is the remainder when 88566 is divided by 530?
56
What is the remainder when 21659 is divided by 10815?
29
Calculate the remainder when 1168518 is divided by 24344.
6
What is the remainder when 7520717 is divided by 7520609?
108
Calculate the remainder when 28818 is divided by 144.
18
What is the remainder when 881615 is divided by 80137?
108
Calculate the remainder when 1724501 is divided by 1049.
994
Calculate the remainder when 256065 is divided by 8141.
3694
Calculate the remainder when 94137 is divided by 6724.
1
Calculate the remainder when 25011203 is divided by 15260.
63
What is the remainder when 35759 is divided by 11865?
164
Calculate the remainder when 2051130 is divided by 227900.
30
What is the remainder when 20876 is divided by 3478?
8
What is the remainder when 233993 is divided by 75685?
6938
What is the remainder when 21251 is divided by 35?
6
Calculate the remainder when 11459512 is divided by 1994.
1988
What is the remainder when 951717569 is divided by 575?
569
What is the remainder when 7112 is divided by 4705?
2407
What is the remainder when 21997191 is divided by 343706?
7
What is the remainder when 18160520 is divided by 2414?
2412
Calculate the remainder when 5876966 is divided by 1313.
1291
What is the remainder when 87892179 is divided by 5084?
5071
Calculate the remainder when 751139 is divided by 1283.
584
Calculate the remainder when 24392 is divided by 41.
38
Calculate the remainder when 650679 is divided by 18.
15
What is the remainder when 7460772 is divided by 26?
20
What is the remainder when 355215 is divided by 1974?
1869
What is the remainder when 322602 is divided by 45755?
2317
Calculate the remainder when 29812982 is divided by 10245.
32
What is the remainder when 22058639 is divided by 110?
9
Calculate the remainder when 4145661 is divided by 313.
289
Calculate the remainder when 994048480 is divided by 5788.
5784
What is the remainder when 7560057 is divided by 4?
1
Calculate the remainder when 26565221 is divided by 606.
605
Calculate the remainder when 113400 is divided by 200.
0
What is the remainder when 108794 is divided by 755?
74
Calculate the remainder when 44905562 is divided by 88.
42
What is the remainder when 32043 is divided by 30042?
2001
Calculate the remainder when 72896 is divided by 17614.
2440
Calculate the remainder when 24863673 is divided by 1912.
25
Calculate the remainder when 74231 is divided by 6694.
597
Calculate the remainder when 79596 is divided by 1153.
39
What is the remainder when 10326060 is divided by 5163010?
40
Calculate the remainder when 112866 is divided by 272.
258
What is the remainder when 661654 is divided by 7?
0
What is the remainder when 44702 is divided by 718?
186
What is the remainder when 2348294 is divided by 10?
4
Calculate the remainder when 402624 is divided by 3728.
0
What is the remainder when 888753 is divided by 2469?
2382
What is the remainder when 488551 is divided by 447?
427
Calculate the remainder when 229459 is divided by 37995.
1489
Calculate the remainder when 31982 is divided by 3457.
869
What is the remainder when 5550065 is divided by 611?
352
Calculate the remainder when 6209 is divided by 868.
133
What is the remainder when 561719 is divided by 664?
639
Calculate the remainder when 4260154 is divided by 360.
274
Calculate the remainder when 22047127 is divided by 120476.
19
Calculate the remainder when 1336162 is divided by 1324.
246
What is the remainder when 42258225 is divided by 146?
131
What is the remainder when 314991538 is divided by 3747?
3730
Calculate the remainder when 111665298 is divided by 108.
102
Calculate the remainder when 77790621 is divided by 1825.
1821
What is the remainder when 62898 is divided by 635?
33
What is the remainder when 1989130 is divided by 131?
26
Calculate the remainder when 423975 is divided by 5387.
3789
What is the remainder when 1027543 is divided by 114161?
94
Calculate the remainder when 3117322 is divided by 12224.
202
Calculate the remainder when 6482431 is divided by 34.
25
Calculate the remainder when 65662436 is divided by 69.
35
What is the remainder when 150842241 is divided by 50280747?
0
What is the remainder when 21574576 is divided by 474?
466
What is the remainder when 31385975 is divided by 693?
5
What is the remainder wh